{"id":1621,"date":"2025-11-09T11:29:24","date_gmt":"2025-11-09T09:29:24","guid":{"rendered":"https:\/\/www.arkitek.fi\/wp-content\/uploads\/2025\/11\/gronvallsvagen-17.jpg"},"modified":"2025-11-09T11:29:24","modified_gmt":"2025-11-09T09:29:24","slug":"gronvallsvagen-17","status":"inherit","type":"attachment","link":"https:\/\/www.arkitek.fi\/fi\/projekt\/unelmatalo-jarvinakoalalla\/gronvallsvagen-17\/","title":{"rendered":"gronvallsvagen-17"},"author":1,"featured_media":0,"comment_status":"closed","ping_status":"closed","template":"","meta":[],"class_list":["post-1621","attachment","type-attachment","status-inherit","hentry","description-off"],"yoast_head":"<!-- This site is optimized with the Yoast SEO plugin v25.6 - https:\/\/yoast.com\/wordpress\/plugins\/seo\/ -->\n<title>gronvallsvagen-17 - Arkitek.fi<\/title>\n<meta name=\"robots\" content=\"index, follow, max-snippet:-1, max-image-preview:large, max-video-preview:-1\" \/>\n<link rel=\"canonical\" href=\"https:\/\/www.arkitek.fi\/wp-content\/uploads\/2025\/11\/gronvallsvagen-17.jpg\" \/>\n<meta property=\"og:locale\" content=\"fi_FI\" \/>\n<meta property=\"og:type\" content=\"article\" \/>\n<meta property=\"og:title\" content=\"gronvallsvagen-17 - Arkitek.fi\" \/>\n<meta property=\"og:url\" content=\"https:\/\/www.arkitek.fi\/wp-content\/uploads\/2025\/11\/gronvallsvagen-17.jpg\" \/>\n<meta property=\"og:site_name\" content=\"Arkitek.fi\" \/>\n<meta property=\"article:publisher\" content=\"https:\/\/www.facebook.com\/arkitekoy\/\" \/>\n<meta property=\"og:image\" content=\"https:\/\/www.arkitek.fi\/wp-content\/uploads\/2025\/11\/gronvallsvagen-17.jpg\" \/>\n\t<meta property=\"og:image:width\" content=\"853\" \/>\n\t<meta property=\"og:image:height\" content=\"1240\" \/>\n\t<meta property=\"og:image:type\" content=\"image\/jpeg\" \/>\n<meta name=\"twitter:card\" content=\"summary_large_image\" \/>\n<script type=\"application\/ld+json\" class=\"yoast-schema-graph\">{\"@context\":\"https:\/\/schema.org\",\"@graph\":[{\"@type\":\"WebPage\",\"@id\":\"https:\/\/www.arkitek.fi\/wp-content\/uploads\/2025\/11\/gronvallsvagen-17.jpg\",\"url\":\"https:\/\/www.arkitek.fi\/wp-content\/uploads\/2025\/11\/gronvallsvagen-17.jpg\",\"name\":\"gronvallsvagen-17 - Arkitek.fi\",\"isPartOf\":{\"@id\":\"https:\/\/www.arkitek.fi\/#website\"},\"datePublished\":\"2025-11-09T09:29:24+00:00\",\"breadcrumb\":{\"@id\":\"https:\/\/www.arkitek.fi\/wp-content\/uploads\/2025\/11\/gronvallsvagen-17.jpg#breadcrumb\"},\"inLanguage\":\"fi\",\"potentialAction\":[{\"@type\":\"ReadAction\",\"target\":[\"https:\/\/www.arkitek.fi\/wp-content\/uploads\/2025\/11\/gronvallsvagen-17.jpg\"]}]},{\"@type\":\"BreadcrumbList\",\"@id\":\"https:\/\/www.arkitek.fi\/wp-content\/uploads\/2025\/11\/gronvallsvagen-17.jpg#breadcrumb\",\"itemListElement\":[{\"@type\":\"ListItem\",\"position\":1,\"name\":\"Hem\",\"item\":\"https:\/\/www.arkitek.fi\/fi\/etusivu\/\"},{\"@type\":\"ListItem\",\"position\":2,\"name\":\"Unelmatalo j\u00e4rvin\u00e4k\u00f6alalla\",\"item\":\"https:\/\/www.arkitek.fi\/fi\/projekt\/unelmatalo-jarvinakoalalla\/\"},{\"@type\":\"ListItem\",\"position\":3,\"name\":\"gronvallsvagen-17\"}]},{\"@type\":\"WebSite\",\"@id\":\"https:\/\/www.arkitek.fi\/#website\",\"url\":\"https:\/\/www.arkitek.fi\/\",\"name\":\"Arkitek.fi\",\"description\":\"- Under uppbyggnad\",\"potentialAction\":[{\"@type\":\"SearchAction\",\"target\":{\"@type\":\"EntryPoint\",\"urlTemplate\":\"https:\/\/www.arkitek.fi\/?s={search_term_string}\"},\"query-input\":{\"@type\":\"PropertyValueSpecification\",\"valueRequired\":true,\"valueName\":\"search_term_string\"}}],\"inLanguage\":\"fi\"}]}<\/script>\n<!-- \/ Yoast SEO plugin. -->","yoast_head_json":{"title":"gronvallsvagen-17 - Arkitek.fi","robots":{"index":"index","follow":"follow","max-snippet":"max-snippet:-1","max-image-preview":"max-image-preview:large","max-video-preview":"max-video-preview:-1"},"canonical":"https:\/\/www.arkitek.fi\/wp-content\/uploads\/2025\/11\/gronvallsvagen-17.jpg","og_locale":"fi_FI","og_type":"article","og_title":"gronvallsvagen-17 - Arkitek.fi","og_url":"https:\/\/www.arkitek.fi\/wp-content\/uploads\/2025\/11\/gronvallsvagen-17.jpg","og_site_name":"Arkitek.fi","article_publisher":"https:\/\/www.facebook.com\/arkitekoy\/","og_image":[{"width":853,"height":1240,"url":"https:\/\/www.arkitek.fi\/wp-content\/uploads\/2025\/11\/gronvallsvagen-17.jpg","type":"image\/jpeg"}],"twitter_card":"summary_large_image","schema":{"@context":"https:\/\/schema.org","@graph":[{"@type":"WebPage","@id":"https:\/\/www.arkitek.fi\/wp-content\/uploads\/2025\/11\/gronvallsvagen-17.jpg","url":"https:\/\/www.arkitek.fi\/wp-content\/uploads\/2025\/11\/gronvallsvagen-17.jpg","name":"gronvallsvagen-17 - Arkitek.fi","isPartOf":{"@id":"https:\/\/www.arkitek.fi\/#website"},"datePublished":"2025-11-09T09:29:24+00:00","breadcrumb":{"@id":"https:\/\/www.arkitek.fi\/wp-content\/uploads\/2025\/11\/gronvallsvagen-17.jpg#breadcrumb"},"inLanguage":"fi","potentialAction":[{"@type":"ReadAction","target":["https:\/\/www.arkitek.fi\/wp-content\/uploads\/2025\/11\/gronvallsvagen-17.jpg"]}]},{"@type":"BreadcrumbList","@id":"https:\/\/www.arkitek.fi\/wp-content\/uploads\/2025\/11\/gronvallsvagen-17.jpg#breadcrumb","itemListElement":[{"@type":"ListItem","position":1,"name":"Hem","item":"https:\/\/www.arkitek.fi\/fi\/etusivu\/"},{"@type":"ListItem","position":2,"name":"Unelmatalo j\u00e4rvin\u00e4k\u00f6alalla","item":"https:\/\/www.arkitek.fi\/fi\/projekt\/unelmatalo-jarvinakoalalla\/"},{"@type":"ListItem","position":3,"name":"gronvallsvagen-17"}]},{"@type":"WebSite","@id":"https:\/\/www.arkitek.fi\/#website","url":"https:\/\/www.arkitek.fi\/","name":"Arkitek.fi","description":"- Under uppbyggnad","potentialAction":[{"@type":"SearchAction","target":{"@type":"EntryPoint","urlTemplate":"https:\/\/www.arkitek.fi\/?s={search_term_string}"},"query-input":{"@type":"PropertyValueSpecification","valueRequired":true,"valueName":"search_term_string"}}],"inLanguage":"fi"}]}},"description":{"rendered":"<p class=\"attachment\"><a href='https:\/\/www.arkitek.fi\/wp-content\/uploads\/2025\/11\/gronvallsvagen-17.jpg'><img loading=\"lazy\" decoding=\"async\" width=\"206\" height=\"300\" src=\"https:\/\/www.arkitek.fi\/wp-content\/uploads\/2025\/11\/gronvallsvagen-17-206x300.jpg\" class=\"attachment-medium size-medium\" alt=\"\" srcset=\"https:\/\/www.arkitek.fi\/wp-content\/uploads\/2025\/11\/gronvallsvagen-17-206x300.jpg 206w, https:\/\/www.arkitek.fi\/wp-content\/uploads\/2025\/11\/gronvallsvagen-17-704x1024.jpg 704w, https:\/\/www.arkitek.fi\/wp-content\/uploads\/2025\/11\/gronvallsvagen-17-768x1116.jpg 768w, https:\/\/www.arkitek.fi\/wp-content\/uploads\/2025\/11\/gronvallsvagen-17.jpg 853w\" sizes=\"(max-width: 206px) 100vw, 206px\" \/><\/a><\/p>\n"},"caption":{"rendered":""},"alt_text":"","media_type":"image","mime_type":"image\/jpeg","media_details":{"width":853,"height":1240,"file":"2025\/11\/gronvallsvagen-17.jpg","filesize":206293,"sizes":{"medium":{"file":"gronvallsvagen-17-206x300.jpg","width":206,"height":300,"filesize":12359,"mime_type":"image\/jpeg","source_url":"https:\/\/www.arkitek.fi\/wp-content\/uploads\/2025\/11\/gronvallsvagen-17-206x300.jpg"},"large":{"file":"gronvallsvagen-17-704x1024.jpg","width":704,"height":1024,"filesize":107588,"mime_type":"image\/jpeg","source_url":"https:\/\/www.arkitek.fi\/wp-content\/uploads\/2025\/11\/gronvallsvagen-17-704x1024.jpg"},"thumbnail":{"file":"gronvallsvagen-17-150x150.jpg","width":150,"height":150,"filesize":5287,"mime_type":"image\/jpeg","source_url":"https:\/\/www.arkitek.fi\/wp-content\/uploads\/2025\/11\/gronvallsvagen-17-150x150.jpg"},"medium_large":{"file":"gronvallsvagen-17-768x1116.jpg","width":768,"height":1116,"filesize":125337,"mime_type":"image\/jpeg","source_url":"https:\/\/www.arkitek.fi\/wp-content\/uploads\/2025\/11\/gronvallsvagen-17-768x1116.jpg"},"full":{"file":"gronvallsvagen-17.jpg","width":853,"height":1240,"mime_type":"image\/jpeg","source_url":"https:\/\/www.arkitek.fi\/wp-content\/uploads\/2025\/11\/gronvallsvagen-17.jpg"}},"image_meta":{"aperture":"0","credit":"","camera":"","caption":"","created_timestamp":"0","copyright":"","focal_length":"0","iso":"0","shutter_speed":"0","title":"","orientation":"0","keywords":[]}},"post":1609,"source_url":"https:\/\/www.arkitek.fi\/wp-content\/uploads\/2025\/11\/gronvallsvagen-17.jpg","_links":{"self":[{"href":"https:\/\/www.arkitek.fi\/fi\/wp-json\/wp\/v2\/media\/1621"}],"collection":[{"href":"https:\/\/www.arkitek.fi\/fi\/wp-json\/wp\/v2\/media"}],"about":[{"href":"https:\/\/www.arkitek.fi\/fi\/wp-json\/wp\/v2\/types\/attachment"}],"author":[{"embeddable":true,"href":"https:\/\/www.arkitek.fi\/fi\/wp-json\/wp\/v2\/users\/1"}],"replies":[{"embeddable":true,"href":"https:\/\/www.arkitek.fi\/fi\/wp-json\/wp\/v2\/comments?post=1621"}]}}

<!-- This site is optimized with the Yoast SEO plugin v25.6 - https://yoast.com/wordpress/plugins/seo/ -->
<title>gronvallsvagen-17 - Arkitek.fi</title>
<meta name="robots" content="index, follow, max-snippet:-1, max-image-preview:large, max-video-preview:-1" />
<link rel="canonical" href="https://www.arkitek.fi/wp-content/uploads/2025/11/gronvallsvagen-17.jpg" />
<meta property="og:locale" content="fi_FI" />
<meta property="og:type" content="article" />
<meta property="og:title" content="gronvallsvagen-17 - Arkitek.fi" />
<meta property="og:url" content="https://www.arkitek.fi/wp-content/uploads/2025/11/gronvallsvagen-17.jpg" />
<meta property="og:site_name" content="Arkitek.fi" />
<meta property="article:publisher" content="https://www.facebook.com/arkitekoy/" />
<meta property="og:image" content="https://www.arkitek.fi/wp-content/uploads/2025/11/gronvallsvagen-17.jpg" />
	<meta property="og:image:width" content="853" />
	<meta property="og:image:height" content="1240" />
	<meta property="og:image:type" content="image/jpeg" />
<meta name="twitter:card" content="summary_large_image" />
<script type="application/ld+json" class="yoast-schema-graph">{"@context":"https://schema.org","@graph":[{"@type":"WebPage","@id":"https://www.arkitek.fi/wp-content/uploads/2025/11/gronvallsvagen-17.jpg","url":"https://www.arkitek.fi/wp-content/uploads/2025/11/gronvallsvagen-17.jpg","name":"gronvallsvagen-17 - Arkitek.fi","isPartOf":{"@id":"https://www.arkitek.fi/#website"},"datePublished":"2025-11-09T09:29:24+00:00","breadcrumb":{"@id":"https://www.arkitek.fi/wp-content/uploads/2025/11/gronvallsvagen-17.jpg#breadcrumb"},"inLanguage":"fi","potentialAction":[{"@type":"ReadAction","target":["https://www.arkitek.fi/wp-content/uploads/2025/11/gronvallsvagen-17.jpg"]}]},{"@type":"BreadcrumbList","@id":"https://www.arkitek.fi/wp-content/uploads/2025/11/gronvallsvagen-17.jpg#breadcrumb","itemListElement":[{"@type":"ListItem","position":1,"name":"Hem","item":"https://www.arkitek.fi/fi/etusivu/"},{"@type":"ListItem","position":2,"name":"Unelmatalo järvinäköalalla","item":"https://www.arkitek.fi/fi/projekt/unelmatalo-jarvinakoalalla/"},{"@type":"ListItem","position":3,"name":"gronvallsvagen-17"}]},{"@type":"WebSite","@id":"https://www.arkitek.fi/#website","url":"https://www.arkitek.fi/","name":"Arkitek.fi","description":"- Under uppbyggnad","potentialAction":[{"@type":"SearchAction","target":{"@type":"EntryPoint","urlTemplate":"https://www.arkitek.fi/?s={search_term_string}"},"query-input":{"@type":"PropertyValueSpecification","valueRequired":true,"valueName":"search_term_string"}}],"inLanguage":"fi"}]}</script>
<!-- / Yoast SEO plugin. -->

Unelmatalo järvinäköalalla
